 = 21, -p*g = -s - 27 - 75. What is the remainder when g is divided by 9?
6
Let i(d) = 4*d - 5. Suppose -9 = -3*n, 5*j + n - 107 = j. Calculate the remainder when j is divided by i(3).
5
Let h(a) = a**3 + 5*a**2 - 7*a + 4. Let z be h(-6). Suppose z*y = 7*y + 24. What is the remainder when 12 is divided by y?
4
Suppose -27*o = -26*o. Suppose -2*t = -3*d + d - 18, -5*t - 2*d + 66 = o. What is the remainder when t is divided by 5?
2
Let f(q) = 10*q + 317. What is the remainder when f(-30) is divided by 14?
3
Suppose -3*n = -n - 18. Suppose -2*k = -3*k - 5*h + 16, 4*h = -5*k - 4. Calculate the remainder when (k/6)/((-5)/195) is divided by n.
8
Suppose 30*a - 45*a + 750 = 0. Calculate the remainder when a is divided by 14.
8
Suppose 4*y + 4*t - 128 = 0, -5*y - t + 176 = 16. What is the remainder when 94 is divided by (-73 + 78)*(y/10 - 0)?
14
Let s(g) be the third derivative of -1/120*g**6 + 0*g - 1/12*g**4 - 1/6*g**3 + 0 - 7*g**2 - 1/12*g**5. Calculate the remainder when 25 is divided by s(-5).
7
Let b(m) = -7*m**2 + 2. Let z be b(-2). Let w = -15 - z. Suppose -3*p + 68 = 5*j, 0*p + 5*j = 2*p - 87. Calculate the remainder when p is divided by w.
9
Let t(x) = 3*x + 6. Suppose o - 5 = -0. What is the remainder when 39 is divided by t(o)?
18
Suppose 18 = -4*b - 3*m + 2, -2*b - 2*m = 10. What is the remainder when 77 is divided by (b - 0)*(0 - 17)?
9
Suppose 0 = -4*c + 4 + 120. Calculate the remainder when 96 is divided by c.
3
Suppose -5*q = -5*m - 40, -2*q + 1 = -4*m - 23. Suppose 2*t + 4*z - 265 = 3*z, -z = -q*t + 533. What is the remainder when t is divided by 15?
13
Let o = 120 + -269. Let x = 397 + o. Suppose 62 = -3*n + x. Calculate the remainder when n is divided by 16.
14
Suppose 3*s - 488 + 407 = 0. What is the remainder when 629 is divided by s?
8
Let g(j) = -j**2 - 7*j - 9. Let d be g(-7). Suppose 3*u = 3*r - 36, -3*u + 54 = -2*r + 5*r. Let o = r + d. Calculate the remainder when 15 is divided by o.
3
Suppose -3*c = 3*l, 2*c + 5*l - l + 8 = 0. Let b be 399/35 + c/(-10). Let p = b - -6. What is the remainder when 50 is divided by p?
16
Suppose -3*a + 292 = -4*u, 14*a + 2*u = 11*a + 304. Calculate the remainder when a is divided by 53.
47
Let z = -297 + 406. Calculate the remainder when z is divided by 14.
11
Let n be (-418)/(-16) - (-16)/(-128). Let z = 46 - n. Calculate the remainder when z is divided by 7.
6
Let l(j) = -j**2 - 9*j - 9. Let k be l(-8). What is the remainder when (-2704)/(-112) - k/(-7) is divided by 14?
10
Calculate the remainder when (1*-1 - 0)*-7 is divided by 2/((-8)/38)*(-1232)/5852.
1
Let u(r) = r + 4. Let s be u(13). Let m = s + -6. Let q(i) = -i**3 + 18*i**2 - 15*i - 14. What is the remainder when q(17) is divided by m?
9
Let r be (-145)/(-3) + 18/27. Suppose 8*i + r = 185. Calculate the remainder when 66 is divided by i.
15
Let h = -1933 - -2502. What is the remainder when h is divided by 20?
9
Suppose k - 5 - 10 = 0. Let b = 133 - 76. Calculate the remainder when b is divided by k.
12
Calculate the remainder when 30/(1 + -3)*28/(-6) is divided by 23.
1
Suppose 20 = -3*f - 58. Let p = f + 29. Calculate the remainder when 8 is divided by p.
2
Let i = 23 - 18. Suppose 2*h + 14 = -0*z + 3*z, 1 = -3*z + i*h. Let a = 43 + -22. Calculate the remainder when a is divided by z.
5
Suppose a - 30 = -4*a. Let l(d) = d**2 - 8*d + 14. Let s be l(5). Calculate the remainder when s/(5/135*-3) is divided by a.
3
Let u(o) = -2*o**2 - 38*o + 67. Calculate the remainder when 161 is divided by u(-20).
26
Let t be 28/12 + 2/3. Suppose t*x + 2*y + y - 51 = 0, 3*y = x - 1. Let v = -300 - -362. What is the remainder when v is divided by x?
10
Let i(y) = -10*y - 2. Suppose 4*d + 24 = -0*d. Calculate the remainder when i(d) is divided by (-5 - -1)/(-2 + 6) - -16.
13
Let c be -1 + (-3)/3 + 9. Suppose s = -2*u + 72, c*s - 8 = 5*s. Calculate the remainder when u is divided by 10.
4
Let q = 229 + -239. Let c(x) be the third derivative of x**6/120 + x**5/5 + x**4/2 - 13*x**3/6 + x**2. What is the remainder when c(q) is divided by 14?
11
Suppose -523 = i - 31. Suppose 3*s = -0*s + 3, 0 = 3*x + 2*s - 188. Calculate the remainder when x is divided by (-1)/(-2) + i/(-24).
20
Suppose 3*l - 93 = -2*t, 3*t + 2*t + 3*l - 237 = 0. Let h(x) = 2*x**2 + 12*x + 26. Calculate the remainder when t is divided by h(-4).
8
Let i(t) = -160*t + 2. Let l be i(-9). Suppose 0 = -4*j - l + 306. Calculate the remainder when 24/(-84) + j/(-14) is divided by 7.
6
Suppose -5*w - 227 = -2*t, 4*t + 4*w + w = 529. Suppose -t + 32 = -2*f + 4*g, -5*f - g = -213. Let n = 412 + -397. What is the remainder when f is divided by n?
13
Suppose 9*p - 13*p + 4*a = -104, 58 = 3*p + a. Suppose -p - 123 = -o. What is the remainder when o is divided by 29?
28
Let j = 209 + -144. Calculate the remainder when j is divided by 17/((-1)/(5 + -6)).
14
Let f = -149 - -175. Suppose -4*g + o = -398, 0*o + 498 = 5*g - o. Calculate the remainder when g is divided by f.
22
Let m = -2 + 26. Let r = m + -8. Suppose -27 = 21*g - 24*g. What is the remainder when r is divided by g?
7
Calculate the remainder when 74 is divided by (-30)/(-70) + (-755)/(-35).
8
Let v = 7 + 16. Let l = 35 - v. What is the remainder when (-58)/(-3) + (-4)/l is divided by 5?
4
Suppose -195*n + 190*n + 1185 = 0. Calculate the remainder when n is divided by 60.
57
Let h = -2268 - -2271. Calculate the remainder when 6 is divided by h.
0
Let d = -88 - -109. Calculate the remainder when 289 is divided by d.
16
Let y be -2 + 64/12 - (-4)/6. Suppose l - y*l = -27. What is the remainder when l is divided by 3?
0
Let g(f) = 2*f**2 + 5*f + 4. Let z be g(-3). Let i(j) = -4*j - 5. Let b(a) = 2*a + 1. Let p(n) = -b(n) - i(n). What is the remainder when 70 is divided by p(z)?
16
Let b(o) = -o**2 + 12*o + 2. Let z(d) = d**2 - 16*d + 35. Calculate the remainder when b(7) is divided by z(15).
17
Let d(w) = -8*w - 11. Let k be d(6). Let f = 72 + k. Calculate the remainder when 19 is divided by f.
6
Let l be (-1)/((-12)/(-8))*-3. Suppose -2*i - l*i = -40. Let y = 7 + i. What is the remainder when y is divided by 9?
8
Calculate the remainder when (4 - 0/6) + 149 is divided by 77.
76
Suppose 3*s - 28*s = -1775. What is the remainder when 279 is divided by s?
66
Let l = -14 + 21. Suppose -4*n = -16, 0*p + 35 = p + 4*n. Calculate the remainder when p is divided by l.
5
Suppose -3*m = -5*m + 4. Suppose x = 5*s + 5 - 27, 5*x + m = -2*s. Calculate the remainder when 6 is divided by s.
2
Suppose 3*b - 232 = -175. Calculate the remainder when 416 is divided by b.
17
Let q = 26 - 6. Suppose 0 = 4*s + 5*u - 11, -4 = 4*u - 0. Suppose -h = s*h - q. What is the remainder when 6 is divided by h?
2
Suppose 4*v - 2 = -q + 4, -4*v + 20 = 0. Calculate the remainder when (152 + q)*(-2)/(-6) is divided by 12.
10
Let o(k) = -k. Let w = 128 + -125. Calculate the remainder when w is divided by o(-2).
1
Suppose 0 = 5*g - 2*h + 8, 3 = -3*g + 2*h - 5. What is the remainder when 1 - (-4 + g - 2) is divided by (2 + -2 - -3) + 2?
2
Let j(x) = -2 - 5*x**2 + 6 - x**3 + 20 - 6*x**2 + 26*x. Calculate the remainder when 90 is divided by j(-13).
18
Calculate the remainder when 1/(2/142) + 0 is divided by (-525)/(-70)*(1 - -1)/1.
11
Suppose 16 = 3*r + 4*g - 0*g, -3*r = -5*g - 34. Let z be r/((-8)/2) + -22. Calculate the remainder when 37 is divided by (z/(-20))/((-6)/(-100)).
17
Let g(f) = -f**2 + 25*f + 33. What is the remainder when (-2292)/(-18) + 4/6 is divided by g(25)?
29
Let z be 2/1*1/1. Suppose 0*h = -z*h. Suppose 4*g - 10 = -2*i, 12 = 5*g + 2*i - h. Calculate the remainder when g is divided by 1.
0
Suppose 0 = -4*l + 147 + 97. Suppose 4*v - 4*a = 3*v, v - 3*a = 5. Suppose -4 + v = r. What is the remainder when l is divided by r?
13
Let z = 215 - 166. Calculate the remainder when z is divided by 27.
22
Let f(w) = -9*w + 2. Let u be ((6/(-3))/4)/(4/8). Calculate the remainder when 28 is divided by f(u).
6
Suppose s - 256 = -a, -5*s + 1245 = -10*a + 8*a. What is the remainder when s is divided by 22?
9
Suppose -5*v = 2*j - 402, -4*v + 288 = 2*j - 32. Calculate the remainder when v is divided by 63.
19
Let l = 141 - 40. Calculate the remainder when l is divided by (78/3 - -3) + (-5)/(-1).
33
Suppose 988 = 9*h - 101. Suppose -4*j = -3*u + h, u - 74 = -u + 4*j. What is the re